{"id":44,"date":"2022-01-25T21:01:41","date_gmt":"2022-01-25T21:01:41","guid":{"rendered":"https:\/\/retestedecilindros.com.br\/gnv\/?page_id=44"},"modified":"2022-02-02T15:17:10","modified_gmt":"2022-02-02T15:17:10","slug":"reteste-itaborai","status":"publish","type":"page","link":"https:\/\/retestedecilindros.com.br\/gnv\/reteste-itaborai\/","title":{"rendered":"Reteste Itabora\u00ed"},"content":{"rendered":"<div class=\"sec_content_main_title\" style=\"text-align:; color:#000000\"><span class=\"sub-title-head\" style=\"text-align:;\">Itabora\u00ed Requalificadora de Cilindros Ltda<\/span>Reteste Itabora\u00ed<\/div>\n<p><a href=\"https:\/\/retestedecilindros.com.br\/gnv\/wp-content\/uploads\/2022\/01\/unidade2.png\" rel=\"lightbox-0\"><img loading=\"lazy\" decoding=\"async\" class=\"alignleft wp-image-81 size-thumbnail\" src=\"https:\/\/retestedecilindros.com.br\/gnv\/wp-content\/uploads\/2022\/01\/unidade2-150x150.png\" alt=\"\" width=\"150\" height=\"150\" \/><\/a>Rua Doutor Leal Junior, S\/N<br \/>\nQuadra 137 &#8211; Lote 08<br \/>\nRetiro S. Joaquim &#8211; Itabora\u00ed &#8211; RJ<br \/>\nCep: 24813-090 | <a href=\"https:\/\/goo.gl\/maps\/v47ANaZxsorEFAw3A\" target=\"blank\" rel=\"noopener\">Mapa<\/a><br \/>\nTel.: (21) 3638-8226<br \/>\n<a href=\"mailto:retesteita@hotmail.com\">retesteita@hotmail.com<\/a><br \/>\n<div class=\"social-icons\">\n<a href=\"https:\/\/www.facebook.com\/profile.php?id=100072634085081\" target=\"_blank\" class=\"fab fa-facebook-f\"><\/a>\n<a href=\"https:\/\/www.facebook.com\/reteste.ita\" target=\"_blank\" class=\"fab fa-instagram\"><\/a>\n<\/div>\n<p><strong>Atua\u00e7\u00e3o<\/strong>: Requalifica\u00e7\u00e3o de Cilindros Destinados ao Armazenamento de G\u00e1s Natural Veicular (GNV.<\/p>\n<p><iframe loading=\"lazy\" style=\"border: 0;\" src=\"https:\/\/www.google.com\/maps\/embed?pb=!1m14!1m8!1m3!1d942584.4107840579!2d-44.027774!3d-22.6548939!3m2!1i1024!2i768!4f13.1!3m3!1m2!1s0x999577b11dbe03%3A0xa9057381704c4066!2sReteste%20Itaborai!5e0!3m2!1spt-BR!2sbr!4v1643473461440!5m2!1spt-BR!2sbr\" width=\"600\" height=\"450\" allowfullscreen=\"allowfullscreen\"><\/iframe><\/p>\n<div class=\"su-image-carousel  su-image-carousel-columns-3 su-image-carousel-has-spacing su-image-carousel-crop su-image-carousel-crop-4-3 su-image-carousel-has-lightbox su-image-carousel-has-outline su-image-carousel-adaptive su-image-carousel-slides-style-default su-image-carousel-controls-style-dark su-image-carousel-align-none\" style=\"\" data-flickity-options='{\"groupCells\":true,\"cellSelector\":\".su-image-carousel-item\",\"adaptiveHeight\":false,\"cellAlign\":\"left\",\"prevNextButtons\":true,\"pageDots\":true,\"autoPlay\":3000,\"imagesLoaded\":true,\"contain\":true,\"selectedAttraction\":0.025000000000000001387778780781445675529539585113525390625,\"friction\":0.2800000000000000266453525910037569701671600341796875}' id=\"su_image_carousel_69e6505e384ad\"><div class=\"su-image-carousel-item\"><div class=\"su-image-carousel-item-content\"><a href=\"https:\/\/retestedecilindros.com.br\/gnv\/wp-content\/uploads\/2022\/02\/001-1.jpg\" target=\"_blank\" rel=\"noopener noreferrer\" data-caption=\"Reteste Itabora\u00ed\"><img loading=\"lazy\" decoding=\"async\" width=\"960\" height=\"720\" src=\"https:\/\/retestedecilindros.com.br\/gnv\/wp-content\/uploads\/2022\/02\/001-1.jpg\" class=\"\" alt=\"Reteste Itabora\u00ed\" srcset=\"https:\/\/retestedecilindros.com.br\/gnv\/wp-content\/uploads\/2022\/02\/001-1.jpg 960w, https:\/\/retestedecilindros.com.br\/gnv\/wp-content\/uploads\/2022\/02\/001-1-300x225.jpg 300w, https:\/\/retestedecilindros.com.br\/gnv\/wp-content\/uploads\/2022\/02\/001-1-768x576.jpg 768w\" sizes=\"auto, (max-width: 960px) 100vw, 960px\" \/><\/a><\/div><\/div><div class=\"su-image-carousel-item\"><div class=\"su-image-carousel-item-content\"><a href=\"https:\/\/retestedecilindros.com.br\/gnv\/wp-content\/uploads\/2022\/02\/002-1.jpg\" target=\"_blank\" rel=\"noopener noreferrer\" data-caption=\"Reteste Itabora\u00ed\"><img loading=\"lazy\" decoding=\"async\" width=\"960\" height=\"540\" src=\"https:\/\/retestedecilindros.com.br\/gnv\/wp-content\/uploads\/2022\/02\/002-1.jpg\" class=\"\" alt=\"Reteste Itabora\u00ed\" srcset=\"https:\/\/retestedecilindros.com.br\/gnv\/wp-content\/uploads\/2022\/02\/002-1.jpg 960w, https:\/\/retestedecilindros.com.br\/gnv\/wp-content\/uploads\/2022\/02\/002-1-300x169.jpg 300w, https:\/\/retestedecilindros.com.br\/gnv\/wp-content\/uploads\/2022\/02\/002-1-768x432.jpg 768w\" sizes=\"auto, (max-width: 960px) 100vw, 960px\" \/><\/a><\/div><\/div><div class=\"su-image-carousel-item\"><div class=\"su-image-carousel-item-content\"><a href=\"https:\/\/retestedecilindros.com.br\/gnv\/wp-content\/uploads\/2022\/02\/003-1.jpg\" target=\"_blank\" rel=\"noopener noreferrer\" data-caption=\"Reteste Itabora\u00ed\"><img loading=\"lazy\" decoding=\"async\" width=\"960\" height=\"540\" src=\"https:\/\/retestedecilindros.com.br\/gnv\/wp-content\/uploads\/2022\/02\/003-1.jpg\" class=\"\" alt=\"Reteste Itabora\u00ed\" srcset=\"https:\/\/retestedecilindros.com.br\/gnv\/wp-content\/uploads\/2022\/02\/003-1.jpg 960w, https:\/\/retestedecilindros.com.br\/gnv\/wp-content\/uploads\/2022\/02\/003-1-300x169.jpg 300w, https:\/\/retestedecilindros.com.br\/gnv\/wp-content\/uploads\/2022\/02\/003-1-768x432.jpg 768w\" sizes=\"auto, (max-width: 960px) 100vw, 960px\" \/><\/a><\/div><\/div><div class=\"su-image-carousel-item\"><div class=\"su-image-carousel-item-content\"><a href=\"https:\/\/retestedecilindros.com.br\/gnv\/wp-content\/uploads\/2022\/02\/004-1.jpg\" target=\"_blank\" rel=\"noopener noreferrer\" data-caption=\"Reteste Itabora\u00ed\"><img loading=\"lazy\" decoding=\"async\" width=\"960\" height=\"540\" src=\"https:\/\/retestedecilindros.com.br\/gnv\/wp-content\/uploads\/2022\/02\/004-1.jpg\" class=\"\" alt=\"Reteste Itabora\u00ed\" srcset=\"https:\/\/retestedecilindros.com.br\/gnv\/wp-content\/uploads\/2022\/02\/004-1.jpg 960w, https:\/\/retestedecilindros.com.br\/gnv\/wp-content\/uploads\/2022\/02\/004-1-300x169.jpg 300w, https:\/\/retestedecilindros.com.br\/gnv\/wp-content\/uploads\/2022\/02\/004-1-768x432.jpg 768w\" sizes=\"auto, (max-width: 960px) 100vw, 960px\" \/><\/a><\/div><\/div><div class=\"su-image-carousel-item\"><div class=\"su-image-carousel-item-content\"><a href=\"https:\/\/retestedecilindros.com.br\/gnv\/wp-content\/uploads\/2022\/02\/006.jpg\" target=\"_blank\" rel=\"noopener noreferrer\" data-caption=\"Reteste Itabora\u00ed\"><img loading=\"lazy\" decoding=\"async\" width=\"960\" height=\"720\" src=\"https:\/\/retestedecilindros.com.br\/gnv\/wp-content\/uploads\/2022\/02\/006.jpg\" class=\"\" alt=\"Reteste Itabora\u00ed\" srcset=\"https:\/\/retestedecilindros.com.br\/gnv\/wp-content\/uploads\/2022\/02\/006.jpg 960w, https:\/\/retestedecilindros.com.br\/gnv\/wp-content\/uploads\/2022\/02\/006-300x225.jpg 300w, https:\/\/retestedecilindros.com.br\/gnv\/wp-content\/uploads\/2022\/02\/006-768x576.jpg 768w\" sizes=\"auto, (max-width: 960px) 100vw, 960px\" \/><\/a><\/div><\/div><\/div><script id=\"su_image_carousel_69e6505e384ad_script\">if(window.SUImageCarousel){setTimeout(function() {window.SUImageCarousel.initGallery(document.getElementById(\"su_image_carousel_69e6505e384ad\"))}, 0);}var su_image_carousel_69e6505e384ad_script=document.getElementById(\"su_image_carousel_69e6505e384ad_script\");if(su_image_carousel_69e6505e384ad_script){su_image_carousel_69e6505e384ad_script.parentNode.removeChild(su_image_carousel_69e6505e384ad_script);}<\/script>\n<p><iframe loading=\"lazy\" title=\"YouTube video player\" src=\"https:\/\/www.youtube.com\/embed\/Zc7WhJyPkOw\" width=\"560\" height=\"315\" frameborder=\"0\" allowfullscreen=\"allowfullscreen\"><\/iframe><\/p>\n","protected":false},"excerpt":{"rendered":"<p>Rua Doutor Leal Junior, S\/N Quadra 137 &#8211; Lote 08 Retiro S. Joaquim &#8211; Itabora\u00ed &#8211; RJ Cep: 24813-090 | Mapa Tel.: (21) 3638-8226 retesteita@hotmail.com Atua\u00e7\u00e3o: Requalifica\u00e7\u00e3o de Cilindros Destinados ao Armazenamento de G\u00e1s Natural Veicular (GNV.<\/p>\n","protected":false},"author":1,"featured_media":0,"parent":0,"menu_order":0,"comment_status":"closed","ping_status":"closed","template":"","meta":{"footnotes":"","_links_to":"","_links_to_target":""},"class_list":["post-44","page","type-page","status-publish","hentry"],"_links":{"self":[{"href":"https:\/\/retestedecilindros.com.br\/gnv\/wp-json\/wp\/v2\/pages\/44","targetHints":{"allow":["GET"]}}],"collection":[{"href":"https:\/\/retestedecilindros.com.br\/gnv\/wp-json\/wp\/v2\/pages"}],"about":[{"href":"https:\/\/retestedecilindros.com.br\/gnv\/wp-json\/wp\/v2\/types\/page"}],"author":[{"embeddable":true,"href":"https:\/\/retestedecilindros.com.br\/gnv\/wp-json\/wp\/v2\/users\/1"}],"replies":[{"embeddable":true,"href":"https:\/\/retestedecilindros.com.br\/gnv\/wp-json\/wp\/v2\/comments?post=44"}],"version-history":[{"count":4,"href":"https:\/\/retestedecilindros.com.br\/gnv\/wp-json\/wp\/v2\/pages\/44\/revisions"}],"predecessor-version":[{"id":265,"href":"https:\/\/retestedecilindros.com.br\/gnv\/wp-json\/wp\/v2\/pages\/44\/revisions\/265"}],"wp:attachment":[{"href":"https:\/\/retestedecilindros.com.br\/gnv\/wp-json\/wp\/v2\/media?parent=44"}],"curies":[{"name":"wp","href":"https:\/\/api.w.org\/{rel}","templated":true}]}}